{"id":156,"date":"2020-04-16T16:06:13","date_gmt":"2020-04-16T14:06:13","guid":{"rendered":"http:\/\/galeriainternetowa.com\/?page_id=156"},"modified":"2020-04-29T20:07:55","modified_gmt":"2020-04-29T18:07:55","slug":"wstep","status":"publish","type":"page","link":"https:\/\/galeriainternetowa.com\/","title":{"rendered":"Kilka s\u0142\u00f3w o mnie"},"content":{"rendered":"<p><img decoding=\"async\" loading=\"lazy\" class=\"alignnone  wp-image-285\" src=\"http:\/\/galeriainternetowa.com\/wp-content\/uploads\/2020\/04\/zdjeciemojegrey-300x300.jpg\" alt=\"\" width=\"154\" height=\"154\" srcset=\"https:\/\/galeriainternetowa.com\/wp-content\/uploads\/2020\/04\/zdjeciemojegrey-300x300.jpg 300w, https:\/\/galeriainternetowa.com\/wp-content\/uploads\/2020\/04\/zdjeciemojegrey-100x100.jpg 100w, https:\/\/galeriainternetowa.com\/wp-content\/uploads\/2020\/04\/zdjeciemojegrey-150x150.jpg 150w, https:\/\/galeriainternetowa.com\/wp-content\/uploads\/2020\/04\/zdjeciemojegrey.jpg 400w\" sizes=\"(max-width: 154px) 100vw, 154px\" \/><\/p>\n\n\n<div class=\"is-layout-flex wp-container-3 wp-block-columns\">\n<div class=\"is-layout-flow wp-block-column\" style=\"flex-basis:50%\">\n<p class=\"has-text-align-right has-normal-font-size\">Bardzo si\u0119 ciesz\u0119 z Twojej wizyty na mojej stronie. Chocia\u017c trudno pisa\u0107 o sobie, postaram si\u0119 w kilku zdaniach na\u015bwietli\u0107 swoj\u0105 skromn\u0105 posta\u0107. Matka natura postanowi\u0142a wygenerowa\u0107 mnie jako, \u017ce si\u0119 tak wyra\u017c\u0119, p\u0142e\u0107 pi\u0119kn\u0105, jednak wi\u0119kszo\u015b\u0107 moich zainteresowa\u0144 odbiega od typowo kobiecych zaj\u0119\u0107. Uwielbiam majsterkowa\u0107, wytwarza\u0107 co\u015b z niczego, nadaj\u0105c niepotrzebnym przedmiotom now\u0105 warto\u015b\u0107, zgodnie z domen\u0105 upcyclingu. Moj\u0105 wielk\u0105 pasj\u0105 jest tak\u017ce muzyka, ukojenia szukam w do\u015b\u0107 szerokim spektrum d\u017awi\u0119k\u00f3w od bluesa po znienawidzony przez ogromn\u0105 wi\u0119kszo\u015b\u0107 spo\u0142ecze\u0144stwa black metal. Cz\u0119sto w\u0142a\u015bnie w muzyce odnajduj\u0119 inspiracje do obraz\u00f3w, ilustracji, kt\u00f3re tworz\u0119. Od wielu lat tocz\u0119 zupe\u0142nie amatorsk\u0105 walk\u0119 z gitar\u0105, gram dla przyjemno\u015bci, relaksu, ostatnio polubili\u015bmy si\u0119 r\u00f3wnie\u017c z basem i b\u0119bnami, granie daje mi wiele satysfakcji, jest odskoczni\u0105 od codziennych spraw. Pisz\u0105c o sobie, nie mog\u0119 pomin\u0105\u0107 mojej wielkiej mi\u0142o\u015bci do zwierz\u0105t, kt\u00f3re pojawiaj\u0105 si\u0119 tak\u017ce w moich pracach. Zakochana bez pami\u0119ci w moim rasowym kundelku Marduku zabra\u0142abym go ze sob\u0105 dos\u0142ownie wsz\u0119dzie, a \u017ce uwielbiam podr\u00f3\u017cowa\u0107, czasami bywa to trudne. Jednak ka\u017cda mikrowyprawa odbywa si\u0119 w psim towarzystwie, \u0142\u0105cz\u0105c zami\u0142owanie do eskapad i aut terenowych, m\u00f3j kolejny (mechaniczny) konik.<\/p>\n<\/div>\n\n\n\n<div class=\"is-layout-flow wp-block-column\" style=\"flex-basis:50%\">\n<p class=\"has-text-align-left has-normal-font-size\">Podczas woja\u017cy nie rozstaj\u0119 si\u0119 z aparatem, lubi\u0119 uwiecznia\u0107 na zdj\u0119ciach zar\u00f3wno rozleg\u0142e pejza\u017ce, jak i detale, kt\u00f3re cz\u0119sto gdzie\u015b umykaj\u0105 pod nat\u0142okiem wra\u017ce\u0144. Podr\u00f3\u017ce staj\u0105 si\u0119 inspiracj\u0105 dla mojej najwi\u0119kszej pasji, czyli kreowanie nowych \u015bwiat\u00f3w w obrazach i ilustracjach. Spiritus movens tak naprawd\u0119 jest wsz\u0119dzie, w kamieniu, o kt\u00f3ry si\u0119 potykam, w \u015blimaku, kt\u00f3rego w\u0142a\u015bnie uratowa\u0142am przed rozdeptaniem. W rozwijaniu moich wszystkich zami\u0142owa\u0144 pomog\u0142y mi oczywi\u015bcie studia (jestem absolwentk\u0105 wydzia\u0142u Grafiki i Malarstwa \u0141\u00f3dzkiej Akademii Sztuk Pi\u0119knych im. W\u0142adys\u0142awa Strzemi\u0144skiego). W niespodziewany dla mnie spos\u00f3b rozwin\u0119\u0142y kreatywno\u015b\u0107 i tw\u00f3rcze, nieoczywiste postrzeganie rzeczywisto\u015bci. Z kolei pedagogiczne studia podyplomowe umo\u017cliwi\u0142y mi podj\u0119cie pracy z dzie\u0107mi. Rozwijanie indywidualnych zdolno\u015bci plastycznych uczni\u00f3w oraz motywowanie do samodzielnych poszukiwa\u0144 ekspresji tw\u00f3rczej daje wiele satysfakcji. W pracy pedagoga wykorzystuj\u0119 w\u0142asne pomys\u0142y na kreatywne sp\u0119dzanie czasu z najm\u0142odszymi, kt\u00f3re publikuj\u0119 na \u0142amach swojego bloga <a href=\"http:\/\/kidsarts.pl\/\">kidsarts.pl<\/a>. Na zako\u0144czenie tylko dodam, \u017ce z premedytacj\u0105 rozpocz\u0119\u0142am od moich zami\u0142owa\u0144, poniewa\u017c uwa\u017cam, \u017ce to, co w ludziach najciekawsze i najcenniejsze to w\u0142a\u015bnie ich pasje.<\/p>\n\n\n\n<p>Izabela Wo\u017aniacka<\/p>\n\n\n\n<p class=\"has-text-align-center\"><\/p>\n<\/div>\n<\/div>\n","protected":false},"excerpt":{"rendered":"<p>Bardzo si\u0119 ciesz\u0119 z Twojej wizyty na mojej stronie. Chocia\u017c trudno pisa\u0107 o sobie, postaram si\u0119 w kilku zdaniach na\u015bwietli\u0107 swoj\u0105 skromn\u0105 posta\u0107. Matka natura postanowi\u0142a wygenerowa\u0107 mnie jako, \u017ce si\u0119 tak wyra\u017c\u0119, p\u0142e\u0107 pi\u0119kn\u0105, jednak wi\u0119kszo\u015b\u0107 moich zainteresowa\u0144 odbiega od typowo kobiecych zaj\u0119\u0107. Uwielbiam majsterkowa\u0107, wytwarza\u0107 co\u015b z niczego, nadaj\u0105c niepotrzebnym przedmiotom now\u0105 warto\u015b\u0107, zgodnie z domen\u0105 upcyclingu. Moj\u0105 wielk\u0105 pasj\u0105 jest tak\u017ce muzyka, [&hellip;]<\/p>\n","protected":false},"author":1,"featured_media":0,"parent":0,"menu_order":0,"comment_status":"closed","ping_status":"closed","template":"","meta":[],"_links":{"self":[{"href":"https:\/\/galeriainternetowa.com\/index.php\/wp-json\/wp\/v2\/pages\/156"}],"collection":[{"href":"https:\/\/galeriainternetowa.com\/index.php\/wp-json\/wp\/v2\/pages"}],"about":[{"href":"https:\/\/galeriainternetowa.com\/index.php\/wp-json\/wp\/v2\/types\/page"}],"author":[{"embeddable":true,"href":"https:\/\/galeriainternetowa.com\/index.php\/wp-json\/wp\/v2\/users\/1"}],"replies":[{"embeddable":true,"href":"https:\/\/galeriainternetowa.com\/index.php\/wp-json\/wp\/v2\/comments?post=156"}],"version-history":[{"count":12,"href":"https:\/\/galeriainternetowa.com\/index.php\/wp-json\/wp\/v2\/pages\/156\/revisions"}],"predecessor-version":[{"id":456,"href":"https:\/\/galeriainternetowa.com\/index.php\/wp-json\/wp\/v2\/pages\/156\/revisions\/456"}],"wp:attachment":[{"href":"https:\/\/galeriainternetowa.com\/index.php\/wp-json\/wp\/v2\/media?parent=156"}],"curies":[{"name":"wp","href":"https:\/\/api.w.org\/{rel}","templated":true}]}}